*k**3 - 3*k**2 + 4*k - 2. What are the prime factors of a(2)?
2, 5
Suppose 4 = j + 5*x, 2*j - 24 = -5*x + 9. What are the prime factors of j?
29
Let u be 32/10 + (-1)/5. Suppose 14 = u*d + 2*z, -2*d + z = -3*z - 4. Suppose d*w - w - 4*l + 4 = 0, 4*w + l - 20 = 0. What are the prime factors of w?
2
Let v = 34 + -20. List the prime factors of 1 + (6 - 4) + v.
17
Let t(d) = -d**2 + 5*d + 4. Let y be t(5). Let b be (-24)/(-14) - y/(-14). Suppose u = b*u - 9. What are the prime factors of u?
3
Let y = 56 - 6. Let w = -23 + y. What are the prime factors of w?
3
Let h(p) = p**3 - 6*p**2 + 5*p + 3. Let m be h(4). Let t(c) = c**2 + 12*c + 14. Let j be t(-11). Let u = j - m. What are the prime factors of u?
2, 3
Let l(s) = -s**3 - 7*s**2 - 10*s + 4. What are the prime factors of l(-5)?
2
Suppose 0 = -0*c + 4*c - 44. What are the prime factors of c?
11
Suppose -2*h - 4 = 0, 5*w - 26 + 1 = 5*h. Suppose 18 = c - 2*s, w*s + 24 = 2*c - 10. Suppose -c = -3*y - 5. List the prime factors of y.
3
Suppose -4*r + 3*n - n + 102 = 0, 100 = 4*r - 4*n. Let d = r + -18. List the prime factors of d.
2
What are the prime factors of (-3)/9*903/(-1)?
7, 43
What are the prime factors of (4/(-10))/(6 + (-7746)/1290)?
2, 43
Let r(h) = 1 + h - 6 + 0 + 0. What are the prime factors of r(8)?
3
Let f = 2 - 1. Let o(l) = 15*l**3 + 2*l**2 - 1. What are the prime factors of o(f)?
2
Let o be 10/4 + 3/(-6). Suppose v - o*x + 1 = 0, 8 + 13 = 3*v + 2*x. What are the prime factors of v?
5
What are the prime factors of 5154/42 - 4/(-14)?
3, 41
Suppose 2*z + 10 = -2*w, 0*w = 4*w - z - 5. Suppose w = -2*s - 6 + 26. Suppose -6*p + s = -p. List the prime factors of p.
2
Let z(i) = -i**2 + 18*i - 15. Let x be z(14). Let c = 68 - x. List the prime factors of c.
3
Let q(r) = r**3 + 7*r**2 + 4*r - 4. Let s be q(-6). Suppose -2*i - 8 = -2*x, -2*i + x = -2*x + s. Let l = 10 - i. What are the prime factors of l?
2, 7
Suppose -3*l = -17 - 4. Let n = l + -5. Suppose o - 8 - n = 0. List the prime factors of o.
2, 5
Suppose -5*x = 7 - 2. Let c be (-18)/3 + 1 - x. What are the prime factors of c/12 - (-86)/6?
2, 7
Suppose 120 = 4*c - c. Suppose 4*r = -5*s + c, s = -r + 3*r + 22. What are the prime factors of s?
2, 3
Let x = -6 - -12. Let d = 14 - x. Suppose -3*m = -38 + d. List the prime factors of m.
2, 5
Suppose 0 = -6*b + 3*b + 6, 2*u = -b + 12. Suppose u*z + r + 31 - 6 = 0, 0 = 2*z + 3*r + 10. What are the prime factors of 20/z*(1 + -2)?
2
Let z = -47 - -88. List the prime factors of z.
41
Let m(y) = -2*y - 3 + 5*y + 0. Let r(s) = -s**3 + 4*s**2 - s - 4. Let g be r(3). List the prime factors of m(g).
3
Let b(k) = 14 - 5 - k + 2. What are the prime factors of b(-9)?
2, 5
Let t = 248 + -126. List the prime factors of t.
2, 61
Let f(s) = -3 + 4 - 1 + 5 + 13*s. Let p be f(6). Suppose 0 = 5*a - 12 - p. List the prime factors of a.
19
Suppose -8*w = -3*w + 2*h - 15, 0 = 5*w + 3*h - 15. Suppose 3*f - 57 = -0*g - w*g, -2*f + g = -44. Suppose 0*j + 3*j = f. List the prime factors of j.
7
Suppose -48 = -z + s, -2*s + 3*s + 4 = 0. What are the prime factors of z?
2, 11
Suppose -3*w + 4 = -2. Suppose -g - 25 = -3*p - 0*g, -w*p = -3*g - 26. What are the prime factors of p?
7
Suppose u + 1 = 39. List the prime factors of u.
2, 19
Suppose -12 = -2*f + 32. What are the prime factors of f?
2, 11
Let w(r) be the first derivative of -r**3/3 - 11*r**2/2 - 3*r - 4. List the prime factors of w(-8).
3, 7
Let o(c) = 185*c + 4. List the prime factors of o(1).
3, 7
Let k(w) = w - 3. Let h be k(6). Suppose 5*o = h + 27. List the prime factors of o.
2, 3
Let k(p) = p**3 + p**2 - 8*p + 2. Let y be k(6). Suppose 4*f = -2*h + 90, -3*h + 2*f = -y + 47. What are the prime factors of h?
3, 17
Let x(h) = h**3 - 8*h**2 + 11*h. Let a be x(6). Let w = a + 24. List the prime factors of w.
2, 3
What are the prime factors of (-174)/(-15)*25/10?
29
Suppose 0 = -4*b - 41 - 43. Let j = -12 - b. What are the prime factors of j?
3
Let p(b) = -3*b + 4. Suppose 2*o = -0*o - 8. List the prime factors of p(o).
2
Let d be (-12)/(-6)*1/(-1). Let p = d - -45. What are the prime factors of p?
43
Suppose 4*z = 2*x - 86, 13 - 141 = -3*x + 5*z. Suppose s = 4*u - 4*s + x, u = 4*s - 24. List the prime factors of u - -4 - 6/(-2).
3
Let c = 31 + -6. Let f(j) = 6*j - 1. Let k be f(1). Suppose -5*s - k = -c. What are the prime factors of s?
2
Suppose 0 = -7*y + 5*y + 76. List the prime factors of y.
2, 19
Let w = -187 + 459. Suppose 5*g + 7 - w = 0. What are the prime factors of g?
53
Suppose v = -4*v - 30. Let a = 30 + v. Let g = a + -12. List the prime factors of g.
2, 3
Let z be 3 + 2 + (-5 - -4). What are the prime factors of 82/z - (-1)/(-2)?
2, 5
Suppose 222 = -w + 4*w. Let r = w + -50. What are the prime factors of r?
2, 3
Suppose -5 = -5*v - 5*s, s + 2*s - 3 = 3*v. Suppose v = -2*j - 0*j + 6. What are the prime factors of j?
3
Suppose 4*y - 25 - 95 = 0. What are the prime factors of 36/y*(-20)/(-6)?
2
Let k(i) = -i**3 + 4*i**2 - 2*i + 1. Let t be k(2). Suppose -2*p + t*p = 12. Suppose 0 = j - 1 - p. List the prime factors of j.
5
Suppose 5*r = -r + 852. List the prime factors of r.
2, 71
Let p(i) = -i**2 + i. Let g be p(2). List the prime factors of 0 + (-40)/g*1.
2, 5
Let w(u) = -2*u**3 - 9*u**2 - 17*u - 13. List the prime factors of w(-6).
197
Let z(s) = 2*s - 54. Let t be z(0). What are the prime factors of (-6)/2 - t/2?
2, 3
Let s be 80/15 + (-1)/3. Suppose -s*v + b + 135 = 0, -5*b + 16 = -9. What are the prime factors of v?
2, 7
Let r be (-3 - -2) + (3 - 1). Suppose 0 = -t + 10 - r. List the prime factors of t.
3
Suppose -2*l = 3*f - 16, 0 = 4*f - l - 4*l + 17. Let h(j) = -j**3 + 2*j**2 - j - 1. Let d be h(f). What are the prime factors of (0 - (d + 2)) + 10?
11
Let u = -53 - -104. List the prime factors of u.
3, 17
Suppose 0*v = 2*v - 8. Suppose 9*m = v*m + 80. What are the prime factors of m?
2
List the prime factors of -34*1/(-4 + 3).
2, 17
Suppose -3*b = -239 - 211. List the prime factors of b.
2, 3, 5
Let d = -1 + 30. List the prime factors of d.
29
Suppose -2*x - 262 = -3*x + 3*p, 3*p = -3*x + 798. List the prime factors of x.
5, 53
Suppose 2*k - 11 = z + 4*k, -3*z + 3*k - 51 = 0. Let d be (-1)/((3/z)/1). Suppose 3*x - d = 13. List the prime factors of x.
2, 3
Let j = 149 + -30. List the prime factors of j.
7, 17
Suppose l - 80 = 14*u - 11*u, -3*l + u = -216. List the prime factors of l.
71
Let v = 5 - 3. Suppose v*k = 30 - 0. List the prime factors of k.
3, 5
Let n = 2 + -3. Let k = 3 - n. Suppose -k*h = -20, 3*j - 4*h - 43 = -3*h. What are the prime factors of j?
2
Let p = 167 + -66. List the prime factors of p.
101
What are the prime factors of 2*6/(-16)*-4?
3
Let g be (52/(-1))/(3 - 4). Suppose 4*o = -5*n + 36, -o = 5*n - 9 - 15. List the prime factors of (g/10)/(o/10).
13
Suppose -8 = -2*a + 26. What are the prime factors of a?
17
Let x(f) = f**3 + f**2 + f + 1. Let n(k) = 3*k**3 - 6*k**2 + 3*k - 4. Let p(z) = n(z) - 2*x(z). List the prime factors of p(8).
2
Let l(p) = p**2 + p + 11. Let i be l(0). Let t = i + 1. What are the prime factors of t?
2, 3
Let t(h) = 5*h - 2. Let c be 10/((0 + -1)*-2). What are the prime factors of t(c)?
23
Let n = -60 + 97. List the prime factors of n.
37
Let b = -47 - -99. List the prime factors of b.
2, 13
Suppose -2*p + 758 = 252. List the prime factors of p.
11, 23
Suppose -3*s - 30 = -0*s. Let t = s - -19. What are the prime factors of t?
3
Let r = -43 - -110. What are the prime factors of r?
67
Let u be 0/(-5 + 2 + 1). Let c = u + 4. What are the prime factors of c?
2
Let x(p) = p**2 + 2*p + 9. Let v be x(-4). Suppose 4*o + 4 = -4*q, 5*o - 2*q - 6 = v. What are the prime factors of o?
3
Suppose 0 = 5*r - r + 3*b - 21, r = -2*b + 9. What are the prime factors of r?
3
Suppose -11 - 25 = 4*h. List the prime factors of 10 - h/6*-2.
7
Let m(d) = -d**3 - 16*d**2 - 20*d - 3. List the prime factors of m(-15).
2, 3
Let n = 164 - 102. Let f be 1/(-5) - n/(-10). Suppose -f*r = -4*r - 18. List the prime factors of r.
3
Let m = -2 - -14. Suppose -m = d - 4*d. What are the prime factors of d?
2
Let j(q) = -q**3 + 7*q**2 + 4*q + 5. Let k be j(6). Suppose -l = -6*l + k. What are the prime factors of l?
13
Let a(j) = -2*j - j**2 - 4 + 0*j**2 + 2*j**2. What are the prime factors of a(-3)?
11
Let k(t) = 4*t**3 + 3*t**